{"id":90,"date":"2025-06-16T10:46:17","date_gmt":"2025-06-16T10:46:17","guid":{"rendered":"https:\/\/forestgreen-seal-943430.hostingersite.com\/?page_id=90"},"modified":"2025-06-23T09:41:46","modified_gmt":"2025-06-23T09:41:46","slug":"equipo","status":"publish","type":"page","link":"https:\/\/mrnasesoriadeseguros.com\/index.php\/equipo\/","title":{"rendered":"Equipo"},"content":{"rendered":"\t\t<div data-elementor-type=\"wp-page\" data-elementor-id=\"90\" class=\"elementor elementor-90\" data-elementor-settings=\"{&quot;ha_cmc_init_switcher&quot;:&quot;no&quot;}\" data-elementor-post-type=\"page\">\n\t\t\t\t<div class=\"elementor-element elementor-element-30101bef e-con-full e-flex e-con e-parent\" data-id=\"30101bef\" data-element_type=\"container\" data-settings=\"{&quot;background_background&quot;:&quot;classic&quot;,&quot;_ha_eqh_enable&quot;:false}\">\n\t\t\t\t<div class=\"elementor-element elementor-element-435495d4 elementor-widget__width-initial elementor-widget-tablet__width-inherit elementor-invisible elementor-widget elementor-widget-heading\" data-id=\"435495d4\" data-element_type=\"widget\" data-settings=\"{&quot;_animation&quot;:&quot;fadeInUp&quot;}\" data-widget_type=\"heading.default\">\n\t\t\t\t<div class=\"elementor-widget-container\">\n\t\t\t\t\t<h2 class=\"elementor-heading-title elementor-size-default\">Un equipo que te acompa\u00f1a en cada paso<\/h2>\t\t\t\t<\/div>\n\t\t\t\t<\/div>\n\t\t\t\t<div class=\"elementor-element elementor-element-491612c6 elementor-widget__width-initial elementor-widget-tablet__width-inherit elementor-invisible elementor-widget elementor-widget-text-editor\" data-id=\"491612c6\" data-element_type=\"widget\" data-settings=\"{&quot;_animation&quot;:&quot;fadeInUp&quot;}\" data-widget_type=\"text-editor.default\">\n\t\t\t\t<div class=\"elementor-widget-container\">\n\t\t\t\t\t\t\t\t\t<p data-start=\"179\" data-end=\"291\">Un equipo cercano, comprometido y preparado para ofrecerte las mejores soluciones de seguros.<\/p>\t\t\t\t\t\t\t\t<\/div>\n\t\t\t\t<\/div>\n\t\t\t\t<div class=\"elementor-element elementor-element-7320a4f6 elementor-widget elementor-widget-image-carousel\" data-id=\"7320a4f6\" data-element_type=\"widget\" data-settings=\"{&quot;slides_to_show&quot;:&quot;2&quot;,&quot;navigation&quot;:&quot;none&quot;,&quot;image_spacing_custom&quot;:{&quot;unit&quot;:&quot;px&quot;,&quot;size&quot;:32,&quot;sizes&quot;:[]},&quot;autoplay&quot;:&quot;yes&quot;,&quot;pause_on_hover&quot;:&quot;yes&quot;,&quot;pause_on_interaction&quot;:&quot;yes&quot;,&quot;autoplay_speed&quot;:5000,&quot;infinite&quot;:&quot;yes&quot;,&quot;speed&quot;:500,&quot;image_spacing_custom_tablet&quot;:{&quot;unit&quot;:&quot;px&quot;,&quot;size&quot;:&quot;&quot;,&quot;sizes&quot;:[]},&quot;image_spacing_custom_mobile&quot;:{&quot;unit&quot;:&quot;px&quot;,&quot;size&quot;:&quot;&quot;,&quot;sizes&quot;:[]}}\" data-widget_type=\"image-carousel.default\">\n\t\t\t\t<div class=\"elementor-widget-container\">\n\t\t\t\t\t\t\t<div class=\"elementor-image-carousel-wrapper swiper\" role=\"region\" aria-roledescription=\"carousel\" aria-label=\"Image Carousel\" dir=\"ltr\">\n\t\t\t<div class=\"elementor-image-carousel swiper-wrapper\" aria-live=\"off\">\n\t\t\t\t\t\t\t\t<div class=\"swiper-slide\" role=\"group\" aria-roledescription=\"slide\" aria-label=\"1 de 5\"><figure class=\"swiper-slide-inner\"><img decoding=\"async\" class=\"swiper-slide-image\" src=\"https:\/\/mrnasesoriadeseguros.com\/wp-content\/uploads\/2025\/06\/portrait-of-diverse-office-team-posing-with-arms-c-2024-12-13-02-08-22-utc.jpg\" alt=\"portrait-of-diverse-office-team-posing-with-arms-c-2024-12-13-02-08-22-utc.jpg\" \/><\/figure><\/div><div class=\"swiper-slide\" role=\"group\" aria-roledescription=\"slide\" aria-label=\"2 de 5\"><figure class=\"swiper-slide-inner\"><img decoding=\"async\" class=\"swiper-slide-image\" src=\"https:\/\/mrnasesoriadeseguros.com\/wp-content\/uploads\/2025\/06\/business-team-in-formal-suits-are-looking-away-whi-2024-12-13-09-43-45-utc.jpg\" alt=\"business-team-in-formal-suits-are-looking-away-whi-2024-12-13-09-43-45-utc.jpg\" \/><\/figure><\/div><div class=\"swiper-slide\" role=\"group\" aria-roledescription=\"slide\" aria-label=\"3 de 5\"><figure class=\"swiper-slide-inner\"><img decoding=\"async\" class=\"swiper-slide-image\" src=\"https:\/\/mrnasesoriadeseguros.com\/wp-content\/uploads\/2025\/06\/multiethnic-happy-company-workers-standing-in-a-ro-2024-12-10-03-54-34-utc.jpg\" alt=\"multiethnic-happy-company-workers-standing-in-a-ro-2024-12-10-03-54-34-utc.jpg\" \/><\/figure><\/div><div class=\"swiper-slide\" role=\"group\" aria-roledescription=\"slide\" aria-label=\"4 de 5\"><figure class=\"swiper-slide-inner\"><img decoding=\"async\" class=\"swiper-slide-image\" src=\"https:\/\/mrnasesoriadeseguros.com\/wp-content\/uploads\/2025\/06\/multiracial-business-people-together-at-the-evenin-2024-12-13-05-39-39-utc.jpg\" alt=\"multiracial-business-people-together-at-the-evenin-2024-12-13-05-39-39-utc.jpg\" \/><\/figure><\/div><div class=\"swiper-slide\" role=\"group\" aria-roledescription=\"slide\" aria-label=\"5 de 5\"><figure class=\"swiper-slide-inner\"><img decoding=\"async\" class=\"swiper-slide-image\" src=\"https:\/\/mrnasesoriadeseguros.com\/wp-content\/uploads\/2025\/06\/multiethnic-colleagues-discussing-new-project-plan-2024-12-12-22-20-07-utc.jpg\" alt=\"multiethnic-colleagues-discussing-new-project-plan-2024-12-12-22-20-07-utc.jpg\" \/><\/figure><\/div>\t\t\t<\/div>\n\t\t\t\t\t\t\t\n\t\t\t\t\t\t\t\t\t<\/div>\n\t\t\t\t\t\t<\/div>\n\t\t\t\t<\/div>\n\t\t\t\t<\/div>\n\t\t<div class=\"elementor-element elementor-element-2cba4c0c e-flex e-con-boxed e-con e-parent\" data-id=\"2cba4c0c\" data-element_type=\"container\" data-settings=\"{&quot;background_background&quot;:&quot;classic&quot;,&quot;_ha_eqh_enable&quot;:false}\">\n\t\t\t\t\t<div class=\"e-con-inner\">\n\t\t\t\t<div class=\"elementor-element elementor-element-2ddce923 elementor-invisible elementor-widget elementor-widget-heading\" data-id=\"2ddce923\" data-element_type=\"widget\" data-settings=\"{&quot;_animation&quot;:&quot;fadeInUp&quot;}\" data-widget_type=\"heading.default\">\n\t\t\t\t<div class=\"elementor-widget-container\">\n\t\t\t\t\t<h2 class=\"elementor-heading-title elementor-size-default\">Consultation Type<\/h2>\t\t\t\t<\/div>\n\t\t\t\t<\/div>\n\t\t\t\t<div class=\"elementor-element elementor-element-6a6deb09 elementor-widget__width-initial elementor-widget-mobile__width-inherit elementor-invisible elementor-widget elementor-widget-heading\" data-id=\"6a6deb09\" data-element_type=\"widget\" data-settings=\"{&quot;_animation&quot;:&quot;fadeInUp&quot;}\" data-widget_type=\"heading.default\">\n\t\t\t\t<div class=\"elementor-widget-container\">\n\t\t\t\t\t<h2 class=\"elementor-heading-title elementor-size-default\">Somos un equipo, tu equipo<\/h2>\t\t\t\t<\/div>\n\t\t\t\t<\/div>\n\t\t\t\t<div class=\"elementor-element elementor-element-aba1fcc elementor-widget__width-initial elementor-widget-mobile__width-inherit elementor-invisible elementor-widget elementor-widget-text-editor\" data-id=\"aba1fcc\" data-element_type=\"widget\" data-settings=\"{&quot;_animation&quot;:&quot;fadeInUp&quot;}\" data-widget_type=\"text-editor.default\">\n\t\t\t\t<div class=\"elementor-widget-container\">\n\t\t\t\t\t\t\t\t\t<p data-start=\"397\" data-end=\"579\">Nos une el compromiso de ofrecerte un servicio personalizado y cercano, con la experiencia y conocimientos necesarios para ayudarte a tomar las mejores decisiones.<\/p>\t\t\t\t\t\t\t\t<\/div>\n\t\t\t\t<\/div>\n\t\t<div class=\"elementor-element elementor-element-3713ee63 e-con-full e-flex elementor-invisible e-con e-child\" data-id=\"3713ee63\" data-element_type=\"container\" data-settings=\"{&quot;animation&quot;:&quot;fadeInUp&quot;,&quot;_ha_eqh_enable&quot;:false}\">\n\t\t<div class=\"elementor-element elementor-element-3b899bf4 e-con-full e-flex e-con e-child\" data-id=\"3b899bf4\" data-element_type=\"container\" data-settings=\"{&quot;_ha_eqh_enable&quot;:false}\">\n\t\t\t\t<div class=\"elementor-element elementor-element-7f916d4f elementor-widget elementor-widget-heading\" data-id=\"7f916d4f\" data-element_type=\"widget\" data-widget_type=\"heading.default\">\n\t\t\t\t<div class=\"elementor-widget-container\">\n\t\t\t\t\t<h2 class=\"elementor-heading-title elementor-size-default\">Un equipo de verdad<\/h2>\t\t\t\t<\/div>\n\t\t\t\t<\/div>\n\t\t\t\t<div class=\"elementor-element elementor-element-7b5045bf elementor-widget elementor-widget-text-editor\" data-id=\"7b5045bf\" data-element_type=\"widget\" data-widget_type=\"text-editor.default\">\n\t\t\t\t<div class=\"elementor-widget-container\">\n\t\t\t\t\t\t\t\t\t<p>En nuestra corredur\u00eda, somos mucho m\u00e1s que un grupo de profesionales del seguro: somos tu equipo. Nos motiva ofrecerte un servicio cercano, honesto y comprometido, trabajando siempre con el objetivo de brindarte soluciones que se ajusten a tus necesidades y objetivos. Cada miembro de nuestro equipo est\u00e1 preparado para ofrecerte un asesoramiento integral, respaldado por a\u00f1os de experiencia y un profundo conocimiento del sector.<\/p><p data-start=\"561\" data-end=\"929\">Lo que nos distingue es nuestra capacidad para escucharte, entender lo que realmente necesitas y acompa\u00f1arte durante todo el proceso, desde la elecci\u00f3n del seguro adecuado hasta la gesti\u00f3n de tu p\u00f3liza. Somos un equipo multidisciplinar que colabora para garantizarte la mejor experiencia posible, bas\u00e1ndonos en la confianza, la transparencia y la calidad del servicio.<\/p><p data-start=\"931\" data-end=\"1086\">Porque para nosotros, no solo se trata de vender un seguro, sino de crear una relaci\u00f3n a largo plazo que te brinde la seguridad y tranquilidad que mereces.<\/p>\t\t\t\t\t\t\t\t<\/div>\n\t\t\t\t<\/div>\n\t\t\t\t<div class=\"elementor-element elementor-element-5692c944 elementor-align-left elementor-widget elementor-widget-button\" data-id=\"5692c944\" data-element_type=\"widget\" data-widget_type=\"button.default\">\n\t\t\t\t<div class=\"elementor-widget-container\">\n\t\t\t\t\t\t\t\t\t<div class=\"elementor-button-wrapper\">\n\t\t\t\t\t<a class=\"elementor-button elementor-button-link elementor-size-sm\" href=\"#\">\n\t\t\t\t\t\t<span class=\"elementor-button-content-wrapper\">\n\t\t\t\t\t\t<span class=\"elementor-button-icon\">\n\t\t\t\t<i aria-hidden=\"true\" class=\"rtmicon rtmicon-arrow-up-right\"><\/i>\t\t\t<\/span>\n\t\t\t\t\t\t\t\t\t<span class=\"elementor-button-text\">Organizar una consulta<\/span>\n\t\t\t\t\t<\/span>\n\t\t\t\t\t<\/a>\n\t\t\t\t<\/div>\n\t\t\t\t\t\t\t\t<\/div>\n\t\t\t\t<\/div>\n\t\t\t\t<\/div>\n\t\t<div class=\"elementor-element elementor-element-6468eb0 e-con-full e-flex e-con e-child\" data-id=\"6468eb0\" data-element_type=\"container\" data-settings=\"{&quot;background_background&quot;:&quot;classic&quot;,&quot;_ha_eqh_enable&quot;:false}\">\n\t\t\t\t<\/div>\n\t\t\t\t<\/div>\n\t\t\t\t<div class=\"elementor-element elementor-element-12144acd elementor-widget-divider--view-line elementor-widget elementor-widget-divider\" data-id=\"12144acd\" data-element_type=\"widget\" data-widget_type=\"divider.default\">\n\t\t\t\t<div class=\"elementor-widget-container\">\n\t\t\t\t\t\t\t<div class=\"elementor-divider\">\n\t\t\t<span class=\"elementor-divider-separator\">\n\t\t\t\t\t\t<\/span>\n\t\t<\/div>\n\t\t\t\t\t\t<\/div>\n\t\t\t\t<\/div>\n\t\t\t\t\t<\/div>\n\t\t\t\t<\/div>\n\t\t<div class=\"elementor-element elementor-element-3938894d e-flex e-con-boxed e-con e-parent\" data-id=\"3938894d\" data-element_type=\"container\" data-settings=\"{&quot;background_background&quot;:&quot;classic&quot;,&quot;_ha_eqh_enable&quot;:false}\">\n\t\t\t\t\t<div class=\"e-con-inner\">\n\t\t\t\t<div class=\"elementor-element elementor-element-630068b8 elementor-invisible elementor-widget elementor-widget-heading\" data-id=\"630068b8\" data-element_type=\"widget\" data-settings=\"{&quot;_animation&quot;:&quot;fadeInUp&quot;}\" data-widget_type=\"heading.default\">\n\t\t\t\t<div class=\"elementor-widget-container\">\n\t\t\t\t\t<h2 class=\"elementor-heading-title elementor-size-default\">FAQs<\/h2>\t\t\t\t<\/div>\n\t\t\t\t<\/div>\n\t\t\t\t<div class=\"elementor-element elementor-element-2c9b3a66 elementor-widget__width-initial elementor-widget-mobile__width-inherit elementor-invisible elementor-widget elementor-widget-heading\" data-id=\"2c9b3a66\" data-element_type=\"widget\" data-settings=\"{&quot;_animation&quot;:&quot;fadeInUp&quot;}\" data-widget_type=\"heading.default\">\n\t\t\t\t<div class=\"elementor-widget-container\">\n\t\t\t\t\t<h2 class=\"elementor-heading-title elementor-size-default\">Respuestas claras para tus dudas m\u00e1s comunes\n\n<\/h2>\t\t\t\t<\/div>\n\t\t\t\t<\/div>\n\t\t\t\t<div class=\"elementor-element elementor-element-3afcbb24 elementor-widget__width-initial elementor-widget-mobile__width-inherit elementor-invisible elementor-widget elementor-widget-text-editor\" data-id=\"3afcbb24\" data-element_type=\"widget\" data-settings=\"{&quot;_animation&quot;:&quot;fadeInUp&quot;}\" data-widget_type=\"text-editor.default\">\n\t\t\t\t<div class=\"elementor-widget-container\">\n\t\t\t\t\t\t\t\t\t<p data-start=\"695\" data-end=\"798\">Encuentra aqu\u00ed toda la informaci\u00f3n que necesitas sobre nuestros servicios y seguros.<\/p>\t\t\t\t\t\t\t\t<\/div>\n\t\t\t\t<\/div>\n\t\t\t\t<div class=\"elementor-element elementor-element-b70e237 elementor-invisible elementor-widget elementor-widget-rkit-accordion\" data-id=\"b70e237\" data-element_type=\"widget\" data-settings=\"{&quot;_animation&quot;:&quot;fadeInUp&quot;}\" data-widget_type=\"rkit-accordion.default\">\n\t\t\t\t<div class=\"elementor-widget-container\">\n\t\t\t\t\t\r\n        <div class=\"rkit-accordion\">\r\n                            <div class=\"rkit-accordion-item \">\r\n                    <div class=\"rkit-accordion-header\">\r\n                        <span class=\"rkit-accordion__title\">\r\n                            1. \u00bfQu\u00e9 seguro es el m\u00e1s adecuado para ti?                        <\/span>\r\n                        <div class=\"rkit-accordion__icon\">\r\n                            <i aria-hidden=\"true\" class=\"icon_close rtmicon rtmicon-arrow-up-right\"><\/i>                            <i aria-hidden=\"true\" class=\"icon_open rtmicon rtmicon-arrow-down-right\"><\/i>                        <\/div>\r\n                    <\/div>\r\n                    <div class=\"rkit-accordion-content\">\r\n                        <div class=\"rkit-accordion__content\">\r\n                            <p data-start=\"35\" data-end=\"132\">La respuesta depende de tu perfil y circunstancias.<\/p><p data-start=\"134\" data-end=\"280\">Las familias suelen optar por seguros de salud o de vida, mientras que personas solteras o j\u00f3venes pueden priorizar seguros de hogar o de viaje.<\/p><p data-start=\"282\" data-end=\"406\" data-is-last-node=\"\" data-is-only-node=\"\">En cualquier caso, te recomendamos un an\u00e1lisis personalizado para encontrar la opci\u00f3n que mejor se adapte a tus necesidades.<\/p>                        <\/div>\r\n                    <\/div>\r\n                <\/div>\r\n                            <div class=\"rkit-accordion-item \">\r\n                    <div class=\"rkit-accordion-header\">\r\n                        <span class=\"rkit-accordion__title\">\r\n                            2. \u00bfEn qu\u00e9 se diferencia un seguro para particulares de uno para empresas?                        <\/span>\r\n                        <div class=\"rkit-accordion__icon\">\r\n                            <i aria-hidden=\"true\" class=\"icon_close rtmicon rtmicon-arrow-up-right\"><\/i>                            <i aria-hidden=\"true\" class=\"icon_open rtmicon rtmicon-arrow-down-right\"><\/i>                        <\/div>\r\n                    <\/div>\r\n                    <div class=\"rkit-accordion-content\">\r\n                        <div class=\"rkit-accordion__content\">\r\n                            <p data-start=\"34\" data-end=\"327\">Los seguros para particulares est\u00e1n enfocados en proteger a individuos y familias, mientras que los seguros para empresas cubren riesgos relacionados con la actividad profesional, el patrimonio y el entorno laboral.<\/p><p data-start=\"329\" data-end=\"417\" data-is-last-node=\"\" data-is-only-node=\"\">Cada tipo de seguro est\u00e1 dise\u00f1ado para responder a necesidades espec\u00edficas y diferentes.<\/p>                        <\/div>\r\n                    <\/div>\r\n                <\/div>\r\n                            <div class=\"rkit-accordion-item \">\r\n                    <div class=\"rkit-accordion-header\">\r\n                        <span class=\"rkit-accordion__title\">\r\n                            3. \u00bfEs obligatorio contratar un seguro para particulares?                        <\/span>\r\n                        <div class=\"rkit-accordion__icon\">\r\n                            <i aria-hidden=\"true\" class=\"icon_close rtmicon rtmicon-arrow-up-right\"><\/i>                            <i aria-hidden=\"true\" class=\"icon_open rtmicon rtmicon-arrow-down-right\"><\/i>                        <\/div>\r\n                    <\/div>\r\n                    <div class=\"rkit-accordion-content\">\r\n                        <div class=\"rkit-accordion__content\">\r\n                            <p>No todos los seguros para particulares son obligatorios. Sin embargo, existen algunos, como el seguro de hogar si tienes hipoteca o el seguro de coche si eres propietario de un veh\u00edculo, que s\u00ed lo son. Otros seguros, como los de salud o vida, son recomendables dependiendo de tu situaci\u00f3n personal.<\/p>                        <\/div>\r\n                    <\/div>\r\n                <\/div>\r\n                            <div class=\"rkit-accordion-item \">\r\n                    <div class=\"rkit-accordion-header\">\r\n                        <span class=\"rkit-accordion__title\">\r\n                            4. \u00bfPor qu\u00e9 contratar tu seguro con nosotros?                        <\/span>\r\n                        <div class=\"rkit-accordion__icon\">\r\n                            <i aria-hidden=\"true\" class=\"icon_close rtmicon rtmicon-arrow-up-right\"><\/i>                            <i aria-hidden=\"true\" class=\"icon_open rtmicon rtmicon-arrow-down-right\"><\/i>                        <\/div>\r\n                    <\/div>\r\n                    <div class=\"rkit-accordion-content\">\r\n                        <div class=\"rkit-accordion__content\">\r\n                            <p data-start=\"35\" data-end=\"216\">En nuestra corredur\u00eda, te ofrecemos asesoramiento personalizado, atenci\u00f3n cercana y p\u00f3lizas ajustadas a tus necesidades espec\u00edficas.<\/p><p data-start=\"218\" data-end=\"344\" data-is-last-node=\"\" data-is-only-node=\"\">Nos encargamos de todo el proceso, desde la contrataci\u00f3n hasta el seguimiento, para que t\u00fa no tengas que preocuparte por nada.<\/p>                        <\/div>\r\n                    <\/div>\r\n                <\/div>\r\n                    <\/div>\r\n\r\n\t\t\t\t<\/div>\n\t\t\t\t<\/div>\n\t\t\t\t\t<\/div>\n\t\t\t\t<\/div>\n\t\t\t\t<\/div>\n\t\t","protected":false},"excerpt":{"rendered":"<p>Un equipo que te acompa\u00f1a en cada paso Un equipo cercano, comprometido y preparado para ofrecerte las mejores soluciones de seguros. Consultation Type Somos un equipo, tu equipo Nos une el compromiso de ofrecerte un servicio personalizado y cercano, con la experiencia y conocimientos necesarios para ayudarte a tomar las mejores decisiones. Un equipo de [&hellip;]<\/p>\n","protected":false},"author":1,"featured_media":0,"parent":0,"menu_order":0,"comment_status":"closed","ping_status":"closed","template":"elementor_header_footer","meta":{"footnotes":""},"class_list":["post-90","page","type-page","status-publish","hentry"],"_links":{"self":[{"href":"https:\/\/mrnasesoriadeseguros.com\/index.php\/wp-json\/wp\/v2\/pages\/90","targetHints":{"allow":["GET"]}}],"collection":[{"href":"https:\/\/mrnasesoriadeseguros.com\/index.php\/wp-json\/wp\/v2\/pages"}],"about":[{"href":"https:\/\/mrnasesoriadeseguros.com\/index.php\/wp-json\/wp\/v2\/types\/page"}],"author":[{"embeddable":true,"href":"https:\/\/mrnasesoriadeseguros.com\/index.php\/wp-json\/wp\/v2\/users\/1"}],"replies":[{"embeddable":true,"href":"https:\/\/mrnasesoriadeseguros.com\/index.php\/wp-json\/wp\/v2\/comments?post=90"}],"version-history":[{"count":10,"href":"https:\/\/mrnasesoriadeseguros.com\/index.php\/wp-json\/wp\/v2\/pages\/90\/revisions"}],"predecessor-version":[{"id":228,"href":"https:\/\/mrnasesoriadeseguros.com\/index.php\/wp-json\/wp\/v2\/pages\/90\/revisions\/228"}],"wp:attachment":[{"href":"https:\/\/mrnasesoriadeseguros.com\/index.php\/wp-json\/wp\/v2\/media?parent=90"}],"curies":[{"name":"wp","href":"https:\/\/api.w.org\/{rel}","templated":true}]}}