{"id":184,"date":"2025-06-20T11:35:29","date_gmt":"2025-06-20T11:35:29","guid":{"rendered":"https:\/\/forestgreen-seal-943430.hostingersite.com\/?page_id=184"},"modified":"2025-06-20T11:37:30","modified_gmt":"2025-06-20T11:37:30","slug":"politica-de-cookies","status":"publish","type":"page","link":"https:\/\/mrnasesoriadeseguros.com\/index.php\/politica-de-cookies\/","title":{"rendered":"POL\u00cdTICA DE COOKIES"},"content":{"rendered":"\t\t<div data-elementor-type=\"wp-page\" data-elementor-id=\"184\" class=\"elementor elementor-184\" data-elementor-settings=\"{&quot;ha_cmc_init_switcher&quot;:&quot;no&quot;}\" data-elementor-post-type=\"page\">\n\t\t\t\t<div class=\"elementor-element elementor-element-8a8b5fd e-flex e-con-boxed e-con e-parent\" data-id=\"8a8b5fd\" data-element_type=\"container\" data-settings=\"{&quot;background_background&quot;:&quot;classic&quot;,&quot;_ha_eqh_enable&quot;:false}\">\n\t\t\t\t\t<div class=\"e-con-inner\">\n\t\t\t\t<div class=\"elementor-element elementor-element-c4e35af elementor-widget__width-initial elementor-widget-mobile__width-inherit elementor-invisible elementor-widget elementor-widget-heading\" data-id=\"c4e35af\" data-element_type=\"widget\" data-settings=\"{&quot;_animation&quot;:&quot;fadeInUp&quot;}\" data-widget_type=\"heading.default\">\n\t\t\t\t<div class=\"elementor-widget-container\">\n\t\t\t\t\t<h2 class=\"elementor-heading-title elementor-size-default\">POL\u00cdTICA DE COOKIES<\/h2>\t\t\t\t<\/div>\n\t\t\t\t<\/div>\n\t\t\t\t<div class=\"elementor-element elementor-element-3f4b641 elementor-widget__width-initial elementor-widget-mobile__width-inherit elementor-invisible elementor-widget elementor-widget-text-editor\" data-id=\"3f4b641\" data-element_type=\"widget\" data-settings=\"{&quot;_animation&quot;:&quot;fadeInUp&quot;}\" data-widget_type=\"text-editor.default\">\n\t\t\t\t<div class=\"elementor-widget-container\">\n\t\t\t\t\t\t\t\t\t<p><strong>\u00bfQu\u00e9 son las cookies?<\/strong>Las cookies son peque\u00f1os archivos de texto que se almacenan en el dispositivo del usuario de Internet al visitar una p\u00e1gina web. Es el operador del sitio web el que determina qu\u00e9 tipo de informaci\u00f3n contiene dicha cookie y cu\u00e1l es su prop\u00f3sito, pudiendo adem\u00e1s ser utilizada por el servidor web cada vez que visite dicha p\u00e1gina. Se utilizan las cookies para ahorrar tiempo y hacer la experiencia de navegaci\u00f3n web mucho m\u00e1s eficiente. No obstante, pueden ser usadas con varios prop\u00f3sitos diferentes como pueden ser recordar la informaci\u00f3n de inicio de sesi\u00f3n o lo que contiene su pedido de compra.<\/p><p><strong>Tipos de cookies seg\u00fan la entidad que las gestione:<\/strong><\/p><ul class=\"wp-block-list\"><li><strong>Cookies propias:<\/strong> son aquellas que se env\u00edan al equipo terminal del usuario desde otro equipo o dominio gestionado por el propio editor y desde el que se presta el servicio solicitado por dicho usuario.\u00a0<\/li><li><strong>Cookies de terceros<\/strong>: son aquellas que se env\u00edan al equipo terminal del usuario desde otro equipo o dominio que no es gestionado por el editor, sino por otra entidad que trata los datos obtenidos a trav\u00e9s de las cookies.\u00a0<\/li><\/ul><p><strong>Tipos de cookies seg\u00fan el plazo de tiempo que permanecen activadas:<\/strong><\/p><ul class=\"wp-block-list\"><li><strong>Cookies de sesi\u00f3n:<\/strong> son un tipo de cookies dise\u00f1adas para recabar y almacenar datos mientras el usuario accede a una p\u00e1gina web.\u00a0<\/li><li><strong>Cookies persistentes:<\/strong> son un tipo de cookies en las que los datos siguen almacenados en el terminal y pueden ser accedidos y tratados durante un periodo definido por el responsable de la cookie, y que puede ir de unos minutos a varios a\u00f1os.\u00a0<\/li><\/ul><p><strong>Tipos de cookies seg\u00fan su finalidad:<\/strong><\/p><ul class=\"wp-block-list\"><li><strong>Cookies t\u00e9cnicas:<\/strong> son aquellas que permiten al usuario la navegaci\u00f3n a trav\u00e9s de una p\u00e1gina web, plataforma o aplicaci\u00f3n y la utilizaci\u00f3n de las diferentes opciones o servicios que en ella existan como, por ejemplo, controlar el tr\u00e1fico y la comunicaci\u00f3n de datos, identificar la sesi\u00f3n, acceder a partes de acceso restringido, recordar los elementos que integran un pedido, realizar el proceso de compra de un pedido, realizar la solicitud de inscripci\u00f3n o participaci\u00f3n en un evento, utilizar elementos de seguridad durante la navegaci\u00f3n, almacenar contenidos para la difusi\u00f3n de videos o sonido o compartir contenido a trav\u00e9s de redes sociales.\u00a0<\/li><li><strong>Cookies de personalizaci\u00f3n:<\/strong> son aquellas que permiten al usuario acceder al servicio con algunas caracter\u00edsticas de car\u00e1cter general predefinidas en funci\u00f3n de una serie de criterios en el terminal del usuario como por ejemplo ser\u00eda el idioma, el tipo de navegador a trav\u00e9s del cual accede al servicio, la configuraci\u00f3n regional desde donde accede al servicio, etc.\u00a0<\/li><li><strong>Cookies de an\u00e1lisis:<\/strong> Son aquellas que permiten al responsable de las mismas el seguimiento y an\u00e1lisis del comportamiento de los usuarios de los sitios web a los que est\u00e1n vinculadas, incluida la cuantificaci\u00f3n de los impactos de los anuncios. La informaci\u00f3n recogida mediante este tipo de cookies se utiliza en la medici\u00f3n de la actividad de los sitios web, aplicaci\u00f3n o plataforma, con el fin de introducir mejoras en funci\u00f3n del an\u00e1lisis de los datos de uso que hacen los usuarios del servicio.\u00a0<\/li><li><strong>Cookies de publicidad comportamental:<\/strong> son aquellas que almacenan informaci\u00f3n del comportamiento de los usuarios obtenida a trav\u00e9s de la observaci\u00f3n continuada de sus h\u00e1bitos de navegaci\u00f3n, lo que permite desarrollar un perfil espec\u00edfico para mostrar publicidad en funci\u00f3n del mismo.\u00a0<\/li><\/ul><p><strong>\u00bfQu\u00e9 cookies utilizamos en Decovega?<\/strong><\/p><p><strong>Cookies t\u00e9cnicas:<\/strong><\/p><ul class=\"wp-block-list\"><li><strong>moove_gdpr_popup<\/strong>: Comprueba si debe mostrar o no el aviso de cookies (si ya ha sido aceptado o rechazado no se vuelve a mostrar mientras persista esta cookie). Expira en 1 a\u00f1o.\u00a0<\/li><li><strong>cpnb_cookiesSettings<\/strong>: Comprueba qu\u00e9 categor\u00edas de cookies se aceptan o rechazan (por ejemplo, cookies anal\u00edticas, cookies de publicidad dirigida, etc.). Expira en 1 a\u00f1o.\u00a0<\/li><li><strong>wordpress_[hash]:<\/strong> Cookie restringida al \u00e1rea de administraci\u00f3n (wp-admin). No se ve en el frontend incluso estando registrado. Guarda tus datos de acceso. <strong>T\u00e9cnica de sesi\u00f3n. Necesaria.<\/strong>\u00a0<\/li><li><strong>wordpress_sec_[hash]:<\/strong> Lo mismo que la anterior. <strong>Necesaria<\/strong>.\u00a0<\/li><li><strong>wordpress_logged_in_[hash]:\u00a0<\/strong> Guarda quien eres mientras est\u00e1s registrado y lo usa WordPress para su interfaz. <strong>T\u00e9cnica de sesi\u00f3n. Necesaria<\/strong>.\u00a0<\/li><li><strong>wp-postpass_[hash]<\/strong>: Cookie donde se guarda el acceso a p\u00e1ginas protegidas con contrase\u00f1a. <strong>T\u00e9cnica persistente. Tiempo por defecto 10 d\u00edas<\/strong>.\u00a0<\/li><\/ul><p><strong>Cookies anal\u00edticas:<\/strong><\/p><p>Son aquellas que bien tratadas por nosotros o por terceros, nos permiten cuantificar el n\u00famero de usuarios y as\u00ed realizar la medici\u00f3n y an\u00e1lisis estad\u00edstico de la utilizaci\u00f3n que hacen los usuarios del servicio ofertado. Para ello se analiza su navegaci\u00f3n en nuestra p\u00e1gina web con el fin de mejorar la oferta de productos o servicios que le ofrecemos.<\/p><ul class=\"wp-block-list\"><li><strong>_ga:<\/strong> Anal\u00edtica de Google. Se usa para distinguir a los usuarios (expira en 2 a\u00f1os).\u00a0<\/li><li><strong>_gid:<\/strong> Se usa para distinguir a los usuarios (expira en 24 horas).\u00a0<\/li><li><strong>_gat:<\/strong> Se usa para limitar el porcentaje de solicitudes (expira en 1 minuto).\u00a0<\/li><\/ul><p>M\u00e1s informaci\u00f3n sobre estas cookies en <a href=\"https:\/\/www.google.es\/analytics\/terms\/es.html\">Google Analytics<\/a>.<\/p><p><strong>Cookies de publicidad y redes sociales:<\/strong><\/p><ul class=\"wp-block-list\"><li><strong>_fbq: <\/strong>Usada por el p\u00edxel de Facebook para realizar el seguimiento de la visita. Expira en 3 meses.\u00a0<\/li><\/ul><p><strong>Revocaci\u00f3n de consentimiento de uso de Cookies:<\/strong><\/p><p>Si deseas revocar o volver a configurar tu consentimiento, dispones de un bot\u00f3n flotante permantente situado en la parte inferior derecha de la pantalla con acceso a los ajustes de cookies.<\/p><p><strong>\u00bfC\u00f3mo se gestionan las cookies?<\/strong><\/p><p>Puesto que las cookies son archivos de texto normales, se pueden explorar con la mayor\u00eda de editores de texto o programas de procesamiento de texto. Puede hacer clic en una cookie para abrirla. A continuaci\u00f3n, se indica una lista de enlaces sobre c\u00f3mo ver cookies en diferentes navegadores. Si utiliza otro navegador, consulte la informaci\u00f3n sobre cookies en el propio navegador. Si utiliza un tel\u00e9fono m\u00f3vil, consulte el manual del dispositivo para obtener m\u00e1s informaci\u00f3n.<\/p><ul class=\"wp-block-list\"><li>Firefox: <a href=\"https:\/\/support.mozilla.org\/en-US\/kb\/cookies-information-websites-store-on-your-computer\">https:\/\/support.mozilla.org\/en-US\/kb\/cookies-information-websites-store-on-your-computer<\/a>\u00a0<\/li><li>Chrome: <a href=\"https:\/\/support.google.com\/chrome\/bin\/answer.py?hl=en&amp;answer=95647&amp;topic=14666&amp;ctx=topic\">https:\/\/support.google.com\/chrome\/bin\/answer.py?hl=en&amp;answer=95647&amp;topic=14666&amp;ctx=topic<\/a>\u00a0<\/li><li>Internet Explorer 8-10: <a href=\"https:\/\/windows.microsoft.com\/en-US\/internet-explorer\/delete-manage-cookies\">https:\/\/windows.microsoft.com\/en-US\/internet-explorer\/delete-manage-cookies<\/a>\u00a0<\/li><li>Safari: <a href=\"https:\/\/support.apple.com\/kb\/ph5042\">https:\/\/support.apple.com\/kb\/ph5042<\/a>\u00a0<\/li><li>Opera: <a href=\"https:\/\/help.opera.com\/Windows\/12.00\/es-ES\/cookies.html\">https:\/\/help.opera.com\/Windows\/12.00\/es-ES\/cookies.html<\/a>\u00a0<\/li><\/ul><p><strong>Desactivaci\u00f3n\/activaci\u00f3n o eliminaci\u00f3n de cookies:<\/strong><\/p><p>Para restringir o bloquear las cookies, se hace a trav\u00e9s de la configuraci\u00f3n del navegador.<\/p><p>Si no desea que los sitios web pongan ninguna cookie en su equipo, puede adaptar la configuraci\u00f3n del navegador de modo que se le notifique antes de que se coloque ninguna cookie. De igual modo, puede adaptar la configuraci\u00f3n de forma que el navegador rechace todas las cookies, o \u00fanicamente las cookies de terceros. Tambi\u00e9n puede eliminar cualquiera de las cookies que ya se encuentren en el equipo. Tenga en cuenta que tendr\u00e1 que adaptar por separado la configuraci\u00f3n de cada navegador y equipo que utilice.<\/p><p>Tenga en cuenta que si no desea recibir cookies, ya no podremos garantizar que nuestro sitio web funcione debidamente. Puede que algunas funciones del sitio se pierdan y es posible que ya no pueda ver ciertos sitios web. Rechazar las cookies no significa que ya no vaya a ver anuncios publicitarios. Simplemente los anuncios no se ajustar\u00e1n a sus intereses y se repetir\u00e1n con m\u00e1s frecuencia.<\/p><p>Cada navegador posee un m\u00e9todo distinto para adaptar la configuraci\u00f3n. Si fuera necesario, consulte la funci\u00f3n de ayuda del navegador para establecer la configuraci\u00f3n correcta.<\/p><p>Para desactivar las cookies en el tel\u00e9fono m\u00f3vil, consulte el manual del dispositivo para obtener m\u00e1s informaci\u00f3n.<\/p><p>Puede obtener m\u00e1s informaci\u00f3n sobre las cookies en Internet, <a href=\"https:\/\/www.aboutcookies.org\/\">https:\/\/www.aboutcookies.org<\/a>.<\/p>\t\t\t\t\t\t\t\t<\/div>\n\t\t\t\t<\/div>\n\t\t\t\t\t<\/div>\n\t\t\t\t<\/div>\n\t\t\t\t<\/div>\n\t\t","protected":false},"excerpt":{"rendered":"<p>POL\u00cdTICA DE COOKIES \u00bfQu\u00e9 son las cookies?Las cookies son peque\u00f1os archivos de texto que se almacenan en el dispositivo del usuario de Internet al visitar una p\u00e1gina web. Es el operador del sitio web el que determina qu\u00e9 tipo de informaci\u00f3n contiene dicha cookie y cu\u00e1l es su prop\u00f3sito, pudiendo adem\u00e1s ser utilizada por el [&hellip;]<\/p>\n","protected":false},"author":1,"featured_media":0,"parent":0,"menu_order":0,"comment_status":"closed","ping_status":"closed","template":"elementor_header_footer","meta":{"footnotes":""},"class_list":["post-184","page","type-page","status-publish","hentry"],"_links":{"self":[{"href":"https:\/\/mrnasesoriadeseguros.com\/index.php\/wp-json\/wp\/v2\/pages\/184","targetHints":{"allow":["GET"]}}],"collection":[{"href":"https:\/\/mrnasesoriadeseguros.com\/index.php\/wp-json\/wp\/v2\/pages"}],"about":[{"href":"https:\/\/mrnasesoriadeseguros.com\/index.php\/wp-json\/wp\/v2\/types\/page"}],"author":[{"embeddable":true,"href":"https:\/\/mrnasesoriadeseguros.com\/index.php\/wp-json\/wp\/v2\/users\/1"}],"replies":[{"embeddable":true,"href":"https:\/\/mrnasesoriadeseguros.com\/index.php\/wp-json\/wp\/v2\/comments?post=184"}],"version-history":[{"count":4,"href":"https:\/\/mrnasesoriadeseguros.com\/index.php\/wp-json\/wp\/v2\/pages\/184\/revisions"}],"predecessor-version":[{"id":189,"href":"https:\/\/mrnasesoriadeseguros.com\/index.php\/wp-json\/wp\/v2\/pages\/184\/revisions\/189"}],"wp:attachment":[{"href":"https:\/\/mrnasesoriadeseguros.com\/index.php\/wp-json\/wp\/v2\/media?parent=184"}],"curies":[{"name":"wp","href":"https:\/\/api.w.org\/{rel}","templated":true}]}}